{"id":2476,"date":"2019-03-12T10:02:55","date_gmt":"2019-03-12T09:02:55","guid":{"rendered":"http:\/\/www.srcernay-natation.fr\/?page_id=2476"},"modified":"2019-08-07T16:14:18","modified_gmt":"2019-08-07T15:14:18","slug":"le-club","status":"publish","type":"page","link":"http:\/\/www.srcernay-natation.fr\/?page_id=2476","title":{"rendered":"L&rsquo;histoire du club"},"content":{"rendered":"\n<div class=\"wp-block-columns has-3-columns is-layout-flex wp-container-core-columns-is-layout-9d6595d7 wp-block-columns-is-layout-flex\">\n<div class=\"wp-block-column is-layout-flow wp-block-column-is-layout-flow\">\n<div class=\"wp-block-button is-style-outline is-style-outline--1\"><a class=\"wp-block-button__link has-background has-luminous-vivid-amber-background-color\" href=\"http:\/\/www.srcernay-natation.fr\/?page_id=2476\">Le club<\/a><\/div>\n<\/div>\n\n\n\n<div class=\"wp-block-column is-layout-flow wp-block-column-is-layout-flow\">\n<div class=\"wp-block-button\"><a class=\"wp-block-button__link has-background has-vivid-green-cyan-background-color\" href=\"http:\/\/www.srcernay-natation.fr\/?page_id=153\">Encadrants<\/a><\/div>\n<\/div>\n\n\n\n<div class=\"wp-block-column is-layout-flow wp-block-column-is-layout-flow\">\n<div class=\"wp-block-button\"><a class=\"wp-block-button__link has-background has-vivid-cyan-blue-background-color\" href=\"http:\/\/www.srcernay-natation.fr\/?page_id=138\">Partenaires<\/a><\/div>\n<\/div>\n<\/div>\n\n\n\n<p>T<em>out pris naissance en 1974, lorsque sortit de terre une des 1 000 piscines, mod\u00e8le \u00ab\u00a0Caneton\u00a0\u00bb, r\u00e9alis\u00e9e par le Syndicat Intercommunal \u00e0 Vocations Multiples de Cernay et Environs.<\/em><\/p>\n\n\n\n<p style=\"text-align:left\"><em>Cernay avait enfin sa piscine.<\/em><\/p>\n\n\n\n<p><em>En septembre 1975, sous l&rsquo;impulsion de Messieurs SORDI, MAZZOLINI et KHERBOUCHE pour ne citer qu&rsquo;eux, un Club de Natation est cr\u00e9\u00e9 sous la d\u00e9nomination : \u00ab\u00a0Club de Natation de Cernay et Environs\u00a0\u00bb.<\/em><\/p>\n\n\n\n<p><em>L&rsquo;article 2 des statuts d\u00e9pos\u00e9s \u00e0 la Pr\u00e9fecture stipule : \u00ab\u00a0Le Club a pour but de propager parmi le public les id\u00e9es de la natation. Il apprendra \u00e0 nager \u00e0 ses adh\u00e9rents par des moyens pratiques\u2026.<\/em><\/p>\n\n\n\n<p><em>Il est affili\u00e9 \u00e0 la FFN.<\/em><\/p>\n\n\n\n<p><em>La continuit\u00e9 \u00e9tant la force de la natation cern\u00e9enne, seulement cinq pr\u00e9sidents vont se succ\u00e9der depuis la naissance du Club.<\/em><\/p>\n\n\n\n<p><em>De 1975 \u00e0 1982, Monsieur Ren\u00e9 SORDI accomplit une t\u00e2che importante pour la divulgation de l&rsquo;id\u00e9e des sports aquatiques dans la ville de Cernay.<\/em><\/p>\n\n\n\n<p><em>Il s&rsquo;est retir\u00e9 en 1982, laissant la place \u00e0 Monsieur Jacques SCHMITT qui dirigea le Club durant quatre ann\u00e9es avec beaucoup de succ\u00e8s.<\/em><\/p>\n\n\n\n<p><em>En 1986, un troisi\u00e8me pr\u00e9sident, prit place en la personne de Monsieur Andr\u00e9 FISCHER. Son but est de former des jeunes, de consolider la base de la pyramide.<\/em><\/p>\n\n\n\n<p><em>Son fils,&nbsp;&nbsp;Pierre FISCHER, lui succ\u00e8de&nbsp;en 1990, il participe&nbsp;dans la continuit\u00e9 de son p\u00e8re, au d\u00e9veloppement du club. <\/em><\/p>\n\n\n\n<p><em>Il c\u00e8de sa place en 2012 \u00e0 Monsieur Jean-Claude GANGLER.<\/em><\/p>\n\n\n\n<p><em>Depuis la naissance du Club, seulement six secr\u00e9taires, quatre tr\u00e9soriers et quelques entra\u00eeneurs se sont succ\u00e9d\u00e9s.<\/em><\/p>\n\n\n\n<p><em>Le 8 mars 1977, compte tenu de la r\u00e9organisation des Sports R\u00e9unis regroupant en leur sein l&rsquo;ensemble des disciplines sportives de Cernay, il s&rsquo;est av\u00e9r\u00e9 n\u00e9cessaire de dissoudre le \u00ab\u00a0CNCE\u00a0\u00bb, qui jusqu&rsquo;\u00e0 ce jour figurait comme association ind\u00e9pendante, en vue d&rsquo;acqu\u00e9rir la d\u00e9nomination \u00ab\u00a0Sports R\u00e9unis Cernay Natation\u00a0\u00bb.<\/em><\/p>\n\n\n\n<p><em>La premi\u00e8re comp\u00e9tition officielle du Club s&rsquo;est d\u00e9roul\u00e9e le 10 novembre 1975 \u00e0 Cernay \u00e0 l&rsquo;occasion d&rsquo;une rencontre amicale face \u00e0 Sausheim.<\/em><\/p>\n\n\n\n<p><em>Petit \u00e0 petit, le club faisait son chemin. Mais pas trop vite, gare aux essoufflements&#8230; Les r\u00e9sultats sportifs durant ces trente-cinq ann\u00e9es, ont \u00e9t\u00e9 tr\u00e8s \u00e9logieux pour la natation cern\u00e9enne. On se souviendra de nos victoires \u00e0 Tagolsheim, \u00e0 Obernai, \u00e0 Thann o\u00f9 nous avons gagn\u00e9 les diff\u00e9rents challenges mis en jeu. On se rappellera aussi nos divers d\u00e9placements en Italie, en Allemagne, au Luxembourg, en Angleterre, en Autriche, en R\u00e9publique Tch\u00e8que, en Espagne et en Belgique qui font conna\u00eetre la cit\u00e9 cern\u00e9enne. On ne peut terminer la pr\u00e9sentation de nos r\u00e9sultats sportifs, sans citer la participation de nombreux nageurs et nageuses aux Championnats de France et nombreux titres de Champion d&rsquo;Alsace remport\u00e9s par nos v\u00e9t\u00e9rans.<\/em><\/p>\n\n\n\n<p><em>En trente-cinq ann\u00e9es d&rsquo;existence, le SRC Natation est ainsi pass\u00e9 de la petite association au Club structur\u00e9 que l&rsquo;on conna\u00eet.<\/em><\/p>\n\n\n\n<p><em>Aujourd&rsquo;hui, la piscine et le club ne font plus qu&rsquo;un. L&rsquo;un n&rsquo;allant pas sans l&rsquo;autre.<\/em><\/p>\n\n\n\n<p><em>D&rsquo;ailleurs, la piscine intercommunale, th\u00e9\u00e2tre d&rsquo;entra\u00eenements des 300 adh\u00e9rents des SRC Natation ouvre quotidiennement ses portes aux nageurs et nageuses de tous les \u00e2ges.<\/em><\/p>\n\n\n\n<p><em>A travers cet historique, on ne peut oublier de citer la municipalit\u00e9 de Cernay ainsi que la Communaut\u00e9 de Communes de Cernay et Environs.<\/em><\/p>\n\n\n\n<p><em>Le Club de Natation a la chance d&rsquo;avoir une municipalit\u00e9 ouverte aux projets, qui \u00e9coute et apporte son soutien.<\/em><\/p>\n\n\n\n<p><em>Voici donc un petit historique qui retrace les quelques ann\u00e9es d&rsquo;existence des SRC Natation.<\/em><\/p>\n","protected":false},"excerpt":{"rendered":"<p>Tout pris naissance en 1974, lorsque sortit de terre une des 1 000 piscines, mod\u00e8le \u00ab\u00a0Caneton\u00a0\u00bb, r\u00e9alis\u00e9e par le Syndicat Intercommunal \u00e0 Vocations Multiples de Cernay et Environs. Cernay avait enfin sa piscine. En septembre 1975, sous l&rsquo;impulsion de Messieurs SORDI, MAZZOLINI et KHERBOUCHE pour ne citer qu&rsquo;eux, un Club de Natation est cr\u00e9\u00e9 sous [&hellip;]<\/p>\n","protected":false},"author":3,"featured_media":2365,"parent":0,"menu_order":1,"comment_status":"closed","ping_status":"closed","template":"","meta":{"jetpack_post_was_ever_published":false,"footnotes":""},"class_list":["post-2476","page","type-page","status-publish","has-post-thumbnail","hentry"],"jetpack_sharing_enabled":true,"jetpack_shortlink":"https:\/\/wp.me\/P2O9pL-DW","jetpack_likes_enabled":true,"jetpack-related-posts":[],"_links":{"self":[{"href":"http:\/\/www.srcernay-natation.fr\/index.php?rest_route=\/wp\/v2\/pages\/2476","targetHints":{"allow":["GET"]}}],"collection":[{"href":"http:\/\/www.srcernay-natation.fr\/index.php?rest_route=\/wp\/v2\/pages"}],"about":[{"href":"http:\/\/www.srcernay-natation.fr\/index.php?rest_route=\/wp\/v2\/types\/page"}],"author":[{"embeddable":true,"href":"http:\/\/www.srcernay-natation.fr\/index.php?rest_route=\/wp\/v2\/users\/3"}],"replies":[{"embeddable":true,"href":"http:\/\/www.srcernay-natation.fr\/index.php?rest_route=%2Fwp%2Fv2%2Fcomments&post=2476"}],"version-history":[{"count":13,"href":"http:\/\/www.srcernay-natation.fr\/index.php?rest_route=\/wp\/v2\/pages\/2476\/revisions"}],"predecessor-version":[{"id":2699,"href":"http:\/\/www.srcernay-natation.fr\/index.php?rest_route=\/wp\/v2\/pages\/2476\/revisions\/2699"}],"wp:featuredmedia":[{"embeddable":true,"href":"http:\/\/www.srcernay-natation.fr\/index.php?rest_route=\/wp\/v2\/media\/2365"}],"wp:attachment":[{"href":"http:\/\/www.srcernay-natation.fr\/index.php?rest_route=%2Fwp%2Fv2%2Fmedia&parent=2476"}],"curies":[{"name":"wp","href":"https:\/\/api.w.org\/{rel}","templated":true}]}}