{"id":1800,"date":"2016-11-10T09:52:19","date_gmt":"2016-11-10T08:52:19","guid":{"rendered":"http:\/\/www.srcernay-natation.fr\/?page_id=1800"},"modified":"2018-10-19T13:12:27","modified_gmt":"2018-10-19T12:12:27","slug":"saison-20162017","status":"publish","type":"page","link":"http:\/\/www.srcernay-natation.fr\/?page_id=1800","title":{"rendered":"Saison 2016\/2017"},"content":{"rendered":"<p><span style=\"text-decoration: underline;\"><strong>Octobre 16<\/strong><\/span><\/p>\n<p><a href=\"http:\/\/www.srcernay-natation.fr\/wp-content\/uploads\/2016\/11\/resultats_41253.pdf\">R\u00e9sultat du meeting de Saint-Louis du 16 octobre \u00e0 Saint-Louis<\/a><\/p>\n<p><span style=\"text-decoration: underline;\"><strong>Novembre 16<\/strong><\/span><\/p>\n<p><a href=\"http:\/\/www.srcernay-natation.fr\/wp-content\/uploads\/2016\/11\/resultats_41751.pdf\">R\u00e9sultats des interclubs poule A du 6 novembre \u00e0 Strasbourg<\/a><\/p>\n<p><a href=\"http:\/\/www.srcernay-natation.fr\/wp-content\/uploads\/2016\/11\/resultats_41257.pdf\">R\u00e9sultats meeting avenir du 13 novembre \u00e0 Cernay<\/a><\/p>\n<p><a href=\"http:\/\/www.srcernay-natation.fr\/wp-content\/uploads\/2016\/11\/resultats_42261.pdf\" target=\"_blank\" rel=\"noopener noreferrer\">R\u00e9sultats Championnats du Haut-Rhin du 20 novembre \u00e0 Guebwiller<\/a><\/p>\n<p><span style=\"text-decoration: underline;\"><strong>D\u00e9cembre 16<\/strong><\/span><\/p>\n<p><a href=\"http:\/\/www.srcernay-natation.fr\/wp-content\/uploads\/2016\/11\/resultats_42609.pdf\">R\u00e9sultats Championnats d&rsquo;Alsace du 3 et 4 d\u00e9cembre \u00e0 Obernai<\/a><\/p>\n<p><a href=\"http:\/\/www.srcernay-natation.fr\/wp-content\/uploads\/2016\/11\/resultats_42985.pdf\">R\u00e9sultats Interclubs r\u00e9gionaux Jeunes du 10 d\u00e9cembre \u00e0 Saint-Louis<\/a><\/p>\n<p><a href=\"http:\/\/www.srcernay-natation.fr\/wp-content\/uploads\/2016\/11\/resultats_43005.pdf\">R\u00e9sultats Interclubs Avenir du 11 d\u00e9cembre \u00e0 Thann<\/a><\/p>\n<p><a href=\"http:\/\/www.srcernay-natation.fr\/wp-content\/uploads\/2016\/11\/resultats_42685.pdf\">R\u00e9sultats des championnats de France N2 du 16 au 18 d\u00e9cembre \u00e0 Mulhouse<\/a><\/p>\n<p><span style=\"text-decoration: underline;\"><strong>Janvier 17<\/strong><\/span><\/p>\n<p><a href=\"http:\/\/www.srcernay-natation.fr\/wp-content\/uploads\/2016\/11\/resultats_43743.pdf\">R\u00e9sultats du meeting du Zewala du 15 janvier \u00e0 S\u00e9l\u00e9stat<\/a><\/p>\n<p><a href=\"http:\/\/www.srcernay-natation.fr\/wp-content\/uploads\/2016\/11\/resultats_43007.pdf\">R\u00e9sultats plot avenir du 22 janvier \u00e0 Mulhouse<\/a><\/p>\n<p><strong>F\u00e9vrier 17<\/strong><\/p>\n<p><a href=\"http:\/\/www.srcernay-natation.fr\/wp-content\/uploads\/2016\/11\/resultats_43013.pdf\">R\u00e9sultats premier plot jeune du 5 f\u00e9vrier \u00e0 Thann<\/a><\/p>\n<p><strong>Mars 17<\/strong><\/p>\n<p><a href=\"http:\/\/www.srcernay-natation.fr\/wp-content\/uploads\/2016\/11\/resultats_43009.pdf\">R\u00e9sultats deuxi\u00e8me plot avenir du 5 mars \u00e0 Illfurth<\/a><\/p>\n<p><a href=\"http:\/\/www.srcernay-natation.fr\/wp-content\/uploads\/2016\/11\/resultats_44505.pdf\">R\u00e9sultats du meeting de la grenouille du 12 mars \u00e0 Wesserling<\/a><\/p>\n<p><a href=\"http:\/\/www.srcernay-natation.fr\/wp-content\/uploads\/2016\/11\/resultats_43015.pdf\">R\u00e9sultats plot jeunes du 19 mars \u00e0 Mulhouse<\/a><\/p>\n<p><strong>Avril 17<\/strong><\/p>\n<p><a href=\"http:\/\/www.srcernay-natation.fr\/wp-content\/uploads\/2016\/11\/resultats_globaux.pdf\">R\u00e9sultat plot jeune du 9 avril \u00e0 Cernay<\/a><\/p>\n<p><a href=\"http:\/\/www.srcernay-natation.fr\/wp-content\/uploads\/2016\/11\/resultats_43011.pdf\" target=\"_blank\" rel=\"noopener noreferrer\">R\u00e9sultats du plot avenri du 30 avril \u00e0 Kaysersberg<\/a><\/p>\n<p><strong>Mai 17<\/strong><\/p>\n<p><a href=\"http:\/\/www.srcernay-natation.fr\/wp-content\/uploads\/2016\/11\/resultats_46037.pdf\">R\u00e9sultats du plot jeune du 14 mai \u00e0 Saint-Louis<\/a><\/p>\n<p><a href=\"http:\/\/www.srcernay-natation.fr\/wp-content\/uploads\/2016\/11\/resultats_46293.pdf\">R\u00e9sultats meeting de thann du 21 mai \u00e0 Thann<\/a><\/p>\n<p><strong>JUIN 17<\/strong><\/p>\n<p><a href=\"http:\/\/www.srcernay-natation.fr\/wp-content\/uploads\/2016\/11\/resultats_47057.pdf\" target=\"_blank\" rel=\"noopener\">R\u00e9sultats du 22\u00e8me euromeeting du 3 et 4 juin \u00e0 Cernay<\/a><\/p>\n<p><a href=\"http:\/\/www.srcernay-natation.fr\/wp-content\/uploads\/2016\/11\/resultats_42991.pdf\" target=\"_blank\" rel=\"noopener\">R\u00e9sultats de la finale avenir du 11 juin \u00e0 Obernai<\/a><\/p>\n<p><a href=\"http:\/\/www.srcernay-natation.fr\/wp-content\/uploads\/2016\/11\/resultats_46767.pdf\">R\u00e9sultats du meeting de l&rsquo;Ile du Rhin du 18 juin \u00e0 Vogelgrun<\/a><\/p>\n<p><a href=\"http:\/\/www.srcernay-natation.fr\/wp-content\/uploads\/2016\/11\/resultats_42995.pdf\" target=\"_blank\" rel=\"noopener\">R\u00e9sultats finale jeune du 24 et 25 juin \u00e0 Strasbourg<\/a><\/p>\n<p><strong>JUILLET 17<\/strong><\/p>\n<p><a href=\"http:\/\/www.srcernay-natation.fr\/wp-content\/uploads\/2016\/11\/resultats_42999.pdf\" target=\"_blank\" rel=\"noopener\">R\u00e9sultats des championnats d&rsquo;Alsace du 1 et 2 juillet \u00e0 Mulhouse<\/a><\/p>\n","protected":false},"excerpt":{"rendered":"<p>Octobre 16 R\u00e9sultat du meeting de Saint-Louis du 16 octobre \u00e0 Saint-Louis Novembre 16 R\u00e9sultats des interclubs poule A du 6 novembre \u00e0 Strasbourg R\u00e9sultats meeting avenir du 13 novembre \u00e0 Cernay R\u00e9sultats Championnats du Haut-Rhin du 20 novembre \u00e0 Guebwiller D\u00e9cembre 16 R\u00e9sultats Championnats d&rsquo;Alsace du 3 et 4 d\u00e9cembre \u00e0 Obernai R\u00e9sultats Interclubs [&hellip;]<\/p>\n","protected":false},"author":1,"featured_media":0,"parent":2260,"menu_order":5,"comment_status":"closed","ping_status":"closed","template":"","meta":{"jetpack_post_was_ever_published":false,"footnotes":""},"class_list":["post-1800","page","type-page","status-publish","hentry"],"jetpack_sharing_enabled":true,"jetpack_shortlink":"https:\/\/wp.me\/P2O9pL-t2","jetpack_likes_enabled":true,"jetpack-related-posts":[],"_links":{"self":[{"href":"http:\/\/www.srcernay-natation.fr\/index.php?rest_route=\/wp\/v2\/pages\/1800","targetHints":{"allow":["GET"]}}],"collection":[{"href":"http:\/\/www.srcernay-natation.fr\/index.php?rest_route=\/wp\/v2\/pages"}],"about":[{"href":"http:\/\/www.srcernay-natation.fr\/index.php?rest_route=\/wp\/v2\/types\/page"}],"author":[{"embeddable":true,"href":"http:\/\/www.srcernay-natation.fr\/index.php?rest_route=\/wp\/v2\/users\/1"}],"replies":[{"embeddable":true,"href":"http:\/\/www.srcernay-natation.fr\/index.php?rest_route=%2Fwp%2Fv2%2Fcomments&post=1800"}],"version-history":[{"count":16,"href":"http:\/\/www.srcernay-natation.fr\/index.php?rest_route=\/wp\/v2\/pages\/1800\/revisions"}],"predecessor-version":[{"id":1956,"href":"http:\/\/www.srcernay-natation.fr\/index.php?rest_route=\/wp\/v2\/pages\/1800\/revisions\/1956"}],"up":[{"embeddable":true,"href":"http:\/\/www.srcernay-natation.fr\/index.php?rest_route=\/wp\/v2\/pages\/2260"}],"wp:attachment":[{"href":"http:\/\/www.srcernay-natation.fr\/index.php?rest_route=%2Fwp%2Fv2%2Fmedia&parent=1800"}],"curies":[{"name":"wp","href":"https:\/\/api.w.org\/{rel}","templated":true}]}}