{"id":106,"date":"2012-10-19T20:12:56","date_gmt":"2012-10-19T19:12:56","guid":{"rendered":"http:\/\/www.srcernay-natation.fr\/?page_id=106"},"modified":"2024-11-16T14:09:33","modified_gmt":"2024-11-16T13:09:33","slug":"calendrier-des-competitions","status":"publish","type":"page","link":"http:\/\/www.srcernay-natation.fr\/?page_id=106","title":{"rendered":"Comp\u00e9tition"},"content":{"rendered":"<p style=\"text-align: center;\"><span style=\"color: #3366ff;\"><em><strong>Ce groupe est r\u00e9serv\u00e9 aux plus motiv\u00e9s, \u00e0 ceux qui recherchent le frisson de la comp\u00e9tition et le d\u00e9passement de soi.\u00a0<\/strong><\/em><\/span><\/p>\n<p><a href=\"http:\/\/www.srcernay-natation.fr\/wp-content\/uploads\/2024\/11\/WhatsApp-Image-2024-11-16-a-13.32.11_b29af13d.jpg\"><img loading=\"lazy\" decoding=\"async\" data-attachment-id=\"4334\" data-permalink=\"http:\/\/www.srcernay-natation.fr\/?attachment_id=4334\" data-orig-file=\"http:\/\/www.srcernay-natation.fr\/wp-content\/uploads\/2024\/11\/WhatsApp-Image-2024-11-16-a-13.32.11_b29af13d.jpg\" data-orig-size=\"1440,1800\" data-comments-opened=\"1\" data-image-meta=\"{&quot;aperture&quot;:&quot;0&quot;,&quot;credit&quot;:&quot;&quot;,&quot;camera&quot;:&quot;&quot;,&quot;caption&quot;:&quot;&quot;,&quot;created_timestamp&quot;:&quot;0&quot;,&quot;copyright&quot;:&quot;&quot;,&quot;focal_length&quot;:&quot;0&quot;,&quot;iso&quot;:&quot;0&quot;,&quot;shutter_speed&quot;:&quot;0&quot;,&quot;title&quot;:&quot;&quot;,&quot;orientation&quot;:&quot;0&quot;}\" data-image-title=\"Meeting St-Louis 2024\" data-image-description=\"\" data-image-caption=\"\" data-large-file=\"http:\/\/www.srcernay-natation.fr\/wp-content\/uploads\/2024\/11\/WhatsApp-Image-2024-11-16-a-13.32.11_b29af13d-819x1024.jpg\" class=\"wp-image-4334 aligncenter\" src=\"http:\/\/www.srcernay-natation.fr\/wp-content\/uploads\/2024\/11\/WhatsApp-Image-2024-11-16-a-13.32.11_b29af13d-240x300.jpg\" alt=\"\" width=\"573\" height=\"716\" srcset=\"http:\/\/www.srcernay-natation.fr\/wp-content\/uploads\/2024\/11\/WhatsApp-Image-2024-11-16-a-13.32.11_b29af13d-240x300.jpg 240w, http:\/\/www.srcernay-natation.fr\/wp-content\/uploads\/2024\/11\/WhatsApp-Image-2024-11-16-a-13.32.11_b29af13d-819x1024.jpg 819w, http:\/\/www.srcernay-natation.fr\/wp-content\/uploads\/2024\/11\/WhatsApp-Image-2024-11-16-a-13.32.11_b29af13d-768x960.jpg 768w, http:\/\/www.srcernay-natation.fr\/wp-content\/uploads\/2024\/11\/WhatsApp-Image-2024-11-16-a-13.32.11_b29af13d-1229x1536.jpg 1229w, http:\/\/www.srcernay-natation.fr\/wp-content\/uploads\/2024\/11\/WhatsApp-Image-2024-11-16-a-13.32.11_b29af13d.jpg 1440w\" sizes=\"auto, (max-width: 573px) 100vw, 573px\" \/><\/a><\/p>\n\n\n<p class=\"has-text-align-center\">Equipe comp\u00e9tition 2024\/2025, Benjamin et +. Meeting de St-Louis, 12 et 13 octobre 2024<\/p>\n","protected":false},"excerpt":{"rendered":"<p>Ce groupe est r\u00e9serv\u00e9 aux plus motiv\u00e9s, \u00e0 ceux qui recherchent le frisson de la comp\u00e9tition et le d\u00e9passement de soi.\u00a0 Equipe comp\u00e9tition 2024\/2025, Benjamin et +. Meeting de St-Louis, 12 et 13 octobre 2024<\/p>\n","protected":false},"author":1,"featured_media":0,"parent":0,"menu_order":4,"comment_status":"open","ping_status":"closed","template":"","meta":{"jetpack_post_was_ever_published":false,"footnotes":""},"class_list":["post-106","page","type-page","status-publish","hentry"],"jetpack_sharing_enabled":true,"jetpack_shortlink":"https:\/\/wp.me\/P2O9pL-1I","jetpack_likes_enabled":true,"jetpack-related-posts":[],"_links":{"self":[{"href":"http:\/\/www.srcernay-natation.fr\/index.php?rest_route=\/wp\/v2\/pages\/106","targetHints":{"allow":["GET"]}}],"collection":[{"href":"http:\/\/www.srcernay-natation.fr\/index.php?rest_route=\/wp\/v2\/pages"}],"about":[{"href":"http:\/\/www.srcernay-natation.fr\/index.php?rest_route=\/wp\/v2\/types\/page"}],"author":[{"embeddable":true,"href":"http:\/\/www.srcernay-natation.fr\/index.php?rest_route=\/wp\/v2\/users\/1"}],"replies":[{"embeddable":true,"href":"http:\/\/www.srcernay-natation.fr\/index.php?rest_route=%2Fwp%2Fv2%2Fcomments&post=106"}],"version-history":[{"count":17,"href":"http:\/\/www.srcernay-natation.fr\/index.php?rest_route=\/wp\/v2\/pages\/106\/revisions"}],"predecessor-version":[{"id":4338,"href":"http:\/\/www.srcernay-natation.fr\/index.php?rest_route=\/wp\/v2\/pages\/106\/revisions\/4338"}],"wp:attachment":[{"href":"http:\/\/www.srcernay-natation.fr\/index.php?rest_route=%2Fwp%2Fv2%2Fmedia&parent=106"}],"curies":[{"name":"wp","href":"https:\/\/api.w.org\/{rel}","templated":true}]}}